28. Let i be ((-3)/(-9))/(1/o). Let s be i/4 + 63/6. What is the greatest common divisor of 8 and s?
4
Suppose -462 = -10*n + 338. What is the greatest common factor of 32 and n?
16
Let c be ((-6)/9)/(10/(-2805)). Calculate the greatest common factor of 170 and c.
17
Suppose -55*c - 18*c = -10439. Calculate the highest common divisor of 77 and c.
11
Suppose 0 = -2*b + 3*p + 30, -57 + 11 = -4*b - p. Calculate the greatest common divisor of 612 and b.
12
Let j(p) = -p + 157. Let h be j(-38). What is the greatest common factor of h and 165?
15
Let d = -243 + 245. Calculate the greatest common divisor of 4 and d.
2
Let x be 35 + 0*2/(-4). Suppose -x = -t - 4*t. Let l = 58 - 57. Calculate the highest common factor of t and l.
1
Suppose 3*v - 100 = 5*t, 0*t + 92 = 2*v + 3*t. What is the greatest common divisor of 1000 and v?
40
Let g = 42 + -18. Let q = g - 0. Calculate the highest common divisor of q and 24.
24
Let l(g) = -2*g**2 - 60*g - 49. Let y be l(-29). Calculate the greatest common divisor of y and 18.
9
Let c be (-2)/4 + (-7755)/(-110). Calculate the greatest common factor of 28 and c.
14
Let h(q) = -q**3 - 2*q**2 + 35*q + 252. Let f be h(-7). What is the highest common factor of 189 and f?
63
Let l = -211 - -295. What is the greatest common factor of l and 224?
28
Let q be (9/3 + -1)/((-18)/(-1287)). What is the highest common factor of q and 221?
13
Suppose 4 = 4*x - 252. Let j = x + 146. What is the highest common factor of j and 30?
30
Let l(i) = 29*i**3 - i**2 + 2*i - 1. Let q be l(1). Suppose -j + q - 10 = 0. Let v = j + 27. What is the greatest common divisor of v and 115?
23
Suppose 4*l + 3*a = 183, -3*a = 2*l - 29 - 70. Calculate the greatest common factor of 105 and l.
21
Let c(w) = 8*w**2 + 80. Let z be c(0). Suppose -17 = -3*y - 3*v + 7, v + 2 = 0. Calculate the highest common divisor of z and y.
10
Let g = -23 + 37. Let j = 34 - g. What is the highest common divisor of j and 30?
10
Let j be ((-165)/(-385))/(2 + (-250)/126). What is the highest common divisor of 51 and j?
3
Let v = 159 - 97. Calculate the highest common divisor of 93 and v.
31
Let x = 59 - 24. Let m be (-5)/((-70)/(-4)) - (-1690)/x. Calculate the highest common factor of 12 and m.
12
Let j(m) = 4*m**2 + m - 2. Let b be j(1). Let f be b/(-3)*(-3 + -85). Let y be -2*(2 + -14)/3. What is the greatest common divisor of f and y?
8
Let s(t) = 108*t - 4. Let n be s(4). Let c be n + -1 - (8 + 1 + -11). What is the greatest common divisor of 39 and c?
39
Suppose 32*o - 34*o = -172. Calculate the highest common divisor of o and 2.
2
Let t = 8 - -1. Suppose 4*x = -f + 28, -4*f = -4*x + t + 39. Let w = x - 6. Calculate the greatest common factor of 2 and w.
2
Suppose 4*m - 2*x + 2 = -0*x, 4*x - 18 = m. Suppose m*r = -4*r. Suppose 3*n - 51 + 21 = r. Calculate the greatest common divisor of n and 40.
10
Let b = 3 + -1. Let x(r) = 2*r**3 - 22*r**2 + 2*r - 6. Let f be x(11). Let m be (1 + b)/(12/f). What is the highest common factor of m and 6?
2
Let j be (-1365)/(-18) + (-5)/(-30). Let m = 184 - j. Calculate the highest common factor of m and 12.
12
Let s(w) = 22*w - 70. Let n be s(4). What is the highest common factor of 1386 and n?
18
Suppose -67*q + 50*q + 9588 = 0. What is the highest common factor of 108 and q?
12
Let j be (-1)/(1/1)*-5. Suppose -j*h + 0*h + 375 = 0. Let n be (-1442)/(-98) + ((-6)/7)/(-3). What is the highest common divisor of h and n?
15
Let j(l) = 12*l + 15. Let h be j(-10). Let i be ((-24)/20)/(2/h). Calculate the highest common divisor of 9 and i.
9
Let d be 2/(10/(-3)) - 6/(-10). Suppose 6*a + 2*a - 56 = d. What is the greatest common divisor of 49 and a?
7
Let f = -603 - -613. What is the highest common divisor of f and 24?
2
Let t(d) be the third derivative of d**5/30 + 7*d**4/24 - 4*d**3/3 - 9*d**2. Let g be t(-6). What is the highest common factor of g and 44?
22
Let t be (-150)/(-5)*3/5. Calculate the highest common factor of 81 and t.
9
Suppose 169*w + 5456 = 180*w. What is the greatest common factor of w and 16?
16
Let p be 9228/66 - (0 - (-2)/(-11)). What is the highest common factor of p and 35?
35
Suppose -147*z + 142*z = -5*f + 620, f = 4*z + 109. Calculate the highest common divisor of 1247 and f.
43
Suppose -1473 = -9*f - 339. Calculate the highest common divisor of 42 and f.
42
Let m be (192/(-30))/((-4)/10). Suppose r + 2*u = m, -3*r - 5*u + 36 = -7. Calculate the highest common factor of r and 2.
2
Let x be 225/270 + 902/12. What is the greatest common divisor of x and 2356?
76
Let o(d) = -d**2 + 19*d - 29. Let p be o(16). What is the highest common divisor of p and 513?
19
Let j be 29/3 + (-208)/312. Let m = 1 + -1. Suppose m = -7*z + 4*z + 108. What is the highest common factor of j and z?
9
Suppose 5*p + 148 + 34 = 3*t, -5*p - t = 186. Let y = -34 - p. What is the highest common divisor of 3 and y?
3
Suppose -b + 2*b = 3. Let f(m) = 2*m + 54. Let k be f(-23). Suppose b*q - 7 = k. What is the highest common factor of q and 5?
5
Suppose -5*f + 218 = -4*h, -2*h - 5*f - 13 = 81. Let u = h + 106. What is the greatest common factor of u and 6?
6
Let o(r) = r**3 - 11*r**2 - 9*r - 22. Let s = 9 - -3. Let j be o(s). Calculate the highest common factor of 42 and j.
14
Let y = 186 + -54. Let h = 154 - y. What is the highest common divisor of 176 and h?
22
Let g = 46 + -43. Let x be g*10/2 + 1. What is the greatest common divisor of x and 144?
16
Let z(m) = -m + 6. Let i be z(-6). Let v = 619 + -402. Let p = -121 + v. What is the highest common divisor of p and i?
12
Suppose -13*c + 17*c = 104. What is the greatest common divisor of 13 and c?
13
Suppose 2*z + 3*z = 0. Suppose 0*c - 3*c + t + 4 = z, 2*c - t - 1 = 0. Suppose -c*d + 1 = -20. What is the highest common factor of d and 14?
7
Let b be (-2)/2*(-28 + 26). Suppose j - 3*j - 4 = 0. Let a be j - b - 110/(-5). What is the greatest common factor of a and 27?
9
Let c be -18 - -12 - (-2 + 1). Let g(k) = 15*k**2 + 2*k - 5. Let n be g(c). Calculate the greatest common factor of n and 40.
40
Let g = 18 + 46. Suppose -g - 26 = -9*z. What is the greatest common divisor of z and 25?
5
Let l be -3 + ((-6)/(-2) - 1 - 41). Let b be ((-352)/24)/(4/l). What is the greatest common divisor of b and 14?
14
Let u be (-480)/(-144)*156/5. Let l(f) = -31*f - 7. Let r be l(-6). Let d = r - u. What is the greatest common factor of d and 30?
15
Let k(g) = -3*g - 7. Let d(u) = u + 4. Let i(n) = -5*d(n) - 3*k(n). Let o be i(3). Let b = o - 1. What is the greatest common factor of 12 and b?
12
Suppose 0 = -2*z - 0*z - 2, -2*l + z = 7. Let n be 1/l - 99/(-12). Let k(b) = 6*b - 16. Let u be k(12). What is the highest common divisor of u and n?
8
Let r(o) = -6*o**2 + 0*o**2 + 0*o**2 + 7 - o**2 - o**3 - 5*o. Let w be r(-6). Calculate the greatest common divisor of 9 and w.
1
Let j(h) = -4*h - 10. Let t be j(-3). Suppose -18 = -a - t*q - 1, 48 = 3*a + 3*q. What is the highest common factor of a and 135?
15
Let y = 25 - 30. Let g be 10/4 + 1/(-2) - y. Calculate the greatest common factor of 21 and g.
7
Let b be -6 - ((-114)/(-152))/((-1)/44). Calculate the highest common divisor of b and 2619.
27
Let c(p) = -p - 8. Let n be c(-6). Let j be n/12 - (-19)/6. Suppose j*t + x = 63, -3*x + 25 - 67 = -2*t. Calculate the greatest common factor of t and 7.
7
Let u(l) = -2*l**3 + l**2. Let k be u(1). Let x(n) = 13*n - 1. Let c be x(k). Let y be 7/c + 11/2. What is the greatest common divisor of 5 and y?
5
Let f(y) = -66*y - 20. Let h be f(2). Let m be (30/(-8) - -3)*h. Calculate the highest common factor of m and 76.
38
Suppose 372*q + 504 = 378*q. What is the highest common divisor of q and 56?
28
Suppose -5*y - 38 = 2. Let g be y/44 + (-354)/(-11). What is the highest common divisor of g and 352?
32
Suppose -4*b + 2*b = -34. Suppose 0 = -4*j + b + 7. Suppose -2*n = a - 251, -5*n + 3*a - j*a + 627 = 0. What is the greatest common factor of 14 and n?
14
Suppose -18 = 5*n - l, -3*n + 2*l = 4*l + 16. Let u = 8 + n. Suppose -u*w = -2*w - 12. What is the greatest common factor of w and 6?
6
Let j = 1027 - 998. What is the highest common divisor of 203 and j?
29
Let q = 2971 + -2821. Calculate the greatest common divisor of 210 and q.
30
Suppose -5*s + 8*s = 4*c + 184, -8 = -4*c. Calculate the greatest common factor of 72 and s.
8